{"id":1749,"date":"2018-05-17T12:48:47","date_gmt":"2018-05-17T12:48:47","guid":{"rendered":"http:\/\/www.prestaperu.com.pe\/?page_id=1749"},"modified":"2026-01-16T12:21:38","modified_gmt":"2026-01-16T17:21:38","slug":"avisos-sbs-2019-2021","status":"publish","type":"page","link":"https:\/\/www.prestaperu.com.pe\/index.php\/avisos-sbs-2019-2021\/","title":{"rendered":"AVISOS SBS (2019-2021)"},"content":{"rendered":"<section class=\"wpb-content-wrapper\">[vc_row][vc_column][vc_column_text]\n<h1 style=\"text-align: center;\"><span style=\"color: #800000;\"><em><strong>DISOLUCI\u00d3N<\/strong><\/em><\/span><\/h1>\n<h2 style=\"text-align: center;\"><em><span style=\"color: #800000;\"><strong>AQU\u00cd ENCONTRAR\u00c1S TODOS LOS COMUNICADOS PUBLICADOS EN SU MOMENTO POR LA SBS:<\/strong><\/span><\/em><\/h2>\n<p>&nbsp;<\/p>\n<p style=\"text-align: center;\"><img loading=\"lazy\" decoding=\"async\" class=\"wp-image-4540 aligncenter\" src=\"https:\/\/www.prestaperu.com.pe\/wp-content\/uploads\/2024\/12\/TITULO-DE-MENU-2021-300x156.jpg\" alt=\"\" width=\"560\" height=\"291\" srcset=\"https:\/\/www.prestaperu.com.pe\/wp-content\/uploads\/2024\/12\/TITULO-DE-MENU-2021-300x156.jpg 300w, https:\/\/www.prestaperu.com.pe\/wp-content\/uploads\/2024\/12\/TITULO-DE-MENU-2021.jpg 560w\" sizes=\"auto, (max-width: 560px) 100vw, 560px\" \/><\/p>\n[\/vc_column_text][vc_column_text]\n<h1><\/h1>\n<h2 style=\"text-align: center;\"><\/h2>\n<p>&nbsp;<\/p>\n[\/vc_column_text][vc_column_text]\n<h3><\/h3>\n<h3><\/h3>\n<h3 style=\"text-align: center;\"><strong><span style=\"color: #800000;\">COMUNICADO N\u00b0 01\u00a0 \u2013\u00a0 SBS:<\/span><\/strong><\/h3>\n<h3 style=\"text-align: center;\"><strong><span style=\"color: #800000;\"><img loading=\"lazy\" decoding=\"async\" class=\"aligncenter wp-image-4530\" src=\"https:\/\/www.prestaperu.com.pe\/wp-content\/uploads\/2024\/12\/1-Comunicado-PP-300x169.jpg\" alt=\"\" width=\"865\" height=\"488\" srcset=\"https:\/\/www.prestaperu.com.pe\/wp-content\/uploads\/2024\/12\/1-Comunicado-PP-300x169.jpg 300w, https:\/\/www.prestaperu.com.pe\/wp-content\/uploads\/2024\/12\/1-Comunicado-PP-1024x578.jpg 1024w, https:\/\/www.prestaperu.com.pe\/wp-content\/uploads\/2024\/12\/1-Comunicado-PP-768x434.jpg 768w, https:\/\/www.prestaperu.com.pe\/wp-content\/uploads\/2024\/12\/1-Comunicado-PP.jpg 1240w\" sizes=\"auto, (max-width: 865px) 100vw, 865px\" \/><\/span><\/strong><\/h3>\n<h3 style=\"text-align: center;\"><strong><span style=\"color: #800000;\">COMUNICADO N\u00b0 02\u00a0 \u2013\u00a0 SBS:<\/span><\/strong><\/h3>\n<h3 style=\"text-align: center;\"><strong><span style=\"color: #800000;\"><img loading=\"lazy\" decoding=\"async\" class=\"aligncenter wp-image-4531\" src=\"https:\/\/www.prestaperu.com.pe\/wp-content\/uploads\/2024\/12\/2-cta-recaudadora-caja-aqp-300x98.png\" alt=\"\" width=\"869\" height=\"282\" srcset=\"https:\/\/www.prestaperu.com.pe\/wp-content\/uploads\/2024\/12\/2-cta-recaudadora-caja-aqp-300x98.png 300w, https:\/\/www.prestaperu.com.pe\/wp-content\/uploads\/2024\/12\/2-cta-recaudadora-caja-aqp-1024x333.png 1024w, https:\/\/www.prestaperu.com.pe\/wp-content\/uploads\/2024\/12\/2-cta-recaudadora-caja-aqp-768x250.png 768w, https:\/\/www.prestaperu.com.pe\/wp-content\/uploads\/2024\/12\/2-cta-recaudadora-caja-aqp.png 1200w\" sizes=\"auto, (max-width: 869px) 100vw, 869px\" \/><\/span><\/strong><\/h3>\n<h3 style=\"text-align: center;\"><strong><span style=\"color: #800000;\">COMUNICADO N\u00b0 03\u00a0 \u2013\u00a0 SBS:<\/span><\/strong><\/h3>\n<h3 style=\"text-align: center;\"><strong><span style=\"color: #800000;\"><img loading=\"lazy\" decoding=\"async\" class=\"wp-image-4532 aligncenter\" src=\"https:\/\/www.prestaperu.com.pe\/wp-content\/uploads\/2024\/12\/3-COMUNICADO-SBS-.-PRESTAPERU-2021-300x169.jpg\" alt=\"\" width=\"861\" height=\"486\" srcset=\"https:\/\/www.prestaperu.com.pe\/wp-content\/uploads\/2024\/12\/3-COMUNICADO-SBS-.-PRESTAPERU-2021-300x169.jpg 300w, https:\/\/www.prestaperu.com.pe\/wp-content\/uploads\/2024\/12\/3-COMUNICADO-SBS-.-PRESTAPERU-2021-1024x578.jpg 1024w, https:\/\/www.prestaperu.com.pe\/wp-content\/uploads\/2024\/12\/3-COMUNICADO-SBS-.-PRESTAPERU-2021-768x434.jpg 768w, https:\/\/www.prestaperu.com.pe\/wp-content\/uploads\/2024\/12\/3-COMUNICADO-SBS-.-PRESTAPERU-2021.jpg 1240w\" sizes=\"auto, (max-width: 861px) 100vw, 861px\" \/><\/span><\/strong><\/h3>\n<p>&nbsp;<\/p>\n<h3 style=\"text-align: center;\"><strong><span style=\"color: #800000;\">COMUNICADO N\u00b0 04\u00a0 \u2013\u00a0 SBS:<\/span><\/strong><\/h3>\n<p><img loading=\"lazy\" decoding=\"async\" class=\"aligncenter\" src=\"https:\/\/www.prestaperu.com.pe\/wp-content\/uploads\/2024\/12\/4-COMUNICADO-3-SBS-.-PRESTAPERU-2021-300x260.jpg\" alt=\"\" width=\"547\" height=\"474\" \/><\/p>\n<p>&nbsp;<\/p>\n<h3><\/h3>\n<h3 style=\"text-align: center;\"><strong><span style=\"color: #800000;\">COMUNICADO N\u00b0 05\u00a0 \u2013\u00a0 SBS:<\/span><\/strong><\/h3>\n<h3 style=\"text-align: center;\"><strong><span style=\"color: #800000;\"><img loading=\"lazy\" decoding=\"async\" class=\"aligncenter wp-image-4534\" src=\"https:\/\/www.prestaperu.com.pe\/wp-content\/uploads\/2024\/12\/5-COMUNICADO-4-SBS-.-PRESTAPERU-2021-300x187.jpg\" alt=\"\" width=\"750\" height=\"468\" srcset=\"https:\/\/www.prestaperu.com.pe\/wp-content\/uploads\/2024\/12\/5-COMUNICADO-4-SBS-.-PRESTAPERU-2021-300x187.jpg 300w, https:\/\/www.prestaperu.com.pe\/wp-content\/uploads\/2024\/12\/5-COMUNICADO-4-SBS-.-PRESTAPERU-2021-1024x639.jpg 1024w, https:\/\/www.prestaperu.com.pe\/wp-content\/uploads\/2024\/12\/5-COMUNICADO-4-SBS-.-PRESTAPERU-2021-768x479.jpg 768w, https:\/\/www.prestaperu.com.pe\/wp-content\/uploads\/2024\/12\/5-COMUNICADO-4-SBS-.-PRESTAPERU-2021.jpg 1122w\" sizes=\"auto, (max-width: 750px) 100vw, 750px\" \/><\/span><\/strong><\/h3>\n<p>&nbsp;<\/p>\n<h5 style=\"text-align: center;\"><em><strong><span style=\"color: #008000;\"><a style=\"color: #008000;\" href=\"https:\/\/www.prestaperu.com.pe\/index.php\/avisos-sbs-2019-2021\/\">Click para regresar al principio<\/a><\/span><\/strong><\/em><\/h5>\n[\/vc_column_text][\/vc_column][\/vc_row][vc_row][vc_column][vc_column_text]\n<h3 style=\"text-align: center;\"><span style=\"color: #800000;\"><strong>COMUNICADO N\u00b0 06\u00a0 &#8211;\u00a0 SBS:<\/strong><\/span><\/h3>\n<p style=\"text-align: center;\"><img loading=\"lazy\" decoding=\"async\" class=\"aligncenter wp-image-3791\" src=\"https:\/\/www.prestaperu.com.pe\/wp-content\/uploads\/2024\/01\/6-COMUNICADO-5-SBS-.-PRESTAPERU-2021-300x194.jpg\" alt=\"\" width=\"664\" height=\"429\" srcset=\"https:\/\/www.prestaperu.com.pe\/wp-content\/uploads\/2024\/01\/6-COMUNICADO-5-SBS-.-PRESTAPERU-2021-300x194.jpg 300w, https:\/\/www.prestaperu.com.pe\/wp-content\/uploads\/2024\/01\/6-COMUNICADO-5-SBS-.-PRESTAPERU-2021-768x496.jpg 768w, https:\/\/www.prestaperu.com.pe\/wp-content\/uploads\/2024\/01\/6-COMUNICADO-5-SBS-.-PRESTAPERU-2021.jpg 908w\" sizes=\"auto, (max-width: 664px) 100vw, 664px\" \/><\/p>\n[\/vc_column_text][vc_column_text]\n<h3><\/h3>\n<h3 style=\"text-align: center;\"><span style=\"color: #800000;\"><strong>COMUNICADO N\u00b0 07\u00a0 \u2013\u00a0 SBS:<\/strong><\/span><\/h3>\n<p style=\"text-align: center;\"><a href=\"https:\/\/www.prestaperu.com.pe\/wp-content\/uploads\/2024\/01\/7-Comunicado_pago-de-creditos-sbs-2021.pdf\">7 Comunicado_pago-de-creditos-sbs-2021<\/a><\/p>\n<p>&nbsp;<\/p>\n<h3 style=\"text-align: center;\"><\/h3>\n<h3 style=\"text-align: center;\"><span style=\"color: #800000;\"><strong>COMUNICADO N\u00b0 08\u00a0 \u2013\u00a0 SBS:<\/strong><\/span><\/h3>\n<p style=\"text-align: center;\"><a href=\"https:\/\/www.prestaperu.com.pe\/wp-content\/uploads\/2024\/01\/8-Comunicado_pago-de-creditos-sbs-Oct-2021-1.pdf\">8 Comunicado pago de cr\u00e9ditos Oct 2021 \u2013 1<\/a><\/p>\n<p>&nbsp;<\/p>\n<h3 style=\"text-align: center;\"><span style=\"color: #800000;\"><strong>COMUNICADO N\u00b0 09\u00a0 \u2013\u00a0 SBS:<\/strong><\/span><\/h3>\n<p style=\"text-align: center;\"><a href=\"https:\/\/www.prestaperu.com.pe\/wp-content\/uploads\/2024\/01\/9-Comunicado_pago-de-creditos-sbs-Oct-2021-II.pdf\">9 Comunicado_pago-de-creditos-sbs-Oct-2021-II<\/a><\/p>\n<p>&nbsp;<\/p>\n<h3 style=\"text-align: center;\"><span style=\"color: #800000;\"><strong>COMUNICADO N\u00b0 10\u00a0 \u2013\u00a0 SBS:<\/strong><\/span><\/h3>\n<p style=\"text-align: center;\"><a href=\"https:\/\/www.prestaperu.com.pe\/wp-content\/uploads\/2024\/01\/10-Comunicado_pago-de-creditos-sbs-Oct-2021-III.pdf\">10 Comunicado_pago-de-creditos-sbs-Oct-2021-III<\/a><\/p>\n<p>&nbsp;<\/p>\n<h3><\/h3>\n<h3 style=\"text-align: center;\"><span style=\"color: #800000;\"><strong>COMUNICADO N\u00b0 11\u00a0 \u2013\u00a0 SBS:<\/strong><\/span><\/h3>\n<p style=\"text-align: center;\"><a href=\"https:\/\/www.prestaperu.com.pe\/wp-content\/uploads\/2024\/01\/11-2-COMUNICADO-3-SBS-1-dicembre-2021.pdf\">11 2 COMUNICADO-3-SBS-1-dicembre-2021<\/a><\/p>\n<p>&nbsp;<\/p>\n<h3 style=\"text-align: center;\"><strong>\u00a0<\/strong><span style=\"color: #800000;\"><strong>COMUNICADO N\u00b0 11-2\u00a0\u00a0 \u2013\u00a0 SBS:<\/strong><\/span><\/h3>\n<p style=\"text-align: center;\"><a href=\"https:\/\/www.prestaperu.com.pe\/wp-content\/uploads\/2024\/01\/11-COMUNICADO-3-SBS-6-DIC-2021.pdf\">11 COMUNICADO-3-SBS-6 DIC-2021<\/a><\/p>\n<p>&nbsp;<\/p>\n<h3 style=\"text-align: center;\"><span style=\"color: #800000;\"><strong>COMUNICADO\u00a0 \u00a0\u2013\u00a0 SBS<\/strong>:<\/span><\/h3>\n<p style=\"text-align: center;\"><a href=\"https:\/\/www.prestaperu.com.pe\/wp-content\/uploads\/2024\/01\/15-BalanceGral-EstadoFinanciero-2021-12-31-1.pdf\">15 BalanceGral-EstadoFinanciero-2021-12-31-1<\/a><\/p>\n<p>&nbsp;<\/p>\n<h5 style=\"text-align: center;\"><span style=\"color: #008000;\"><a style=\"color: #008000;\" href=\"https:\/\/www.prestaperu.com.pe\/index.php\/avisos-sbs-2019-2021\/\"><em><strong>Click para regresar al principio<\/strong><\/em><\/a><\/span><\/h5>\n[\/vc_column_text][\/vc_column][\/vc_row][vc_row][vc_column][vc_column_text]\n<h1 class=\"has-text-align-center has-text-color\" style=\"text-align: center;\"><span style=\"color: #800000;\"><strong>____________________________________________<\/strong><\/span><\/h1>\n<h2><\/h2>\n<h1 class=\"wp-block-heading has-text-align-center has-white-color has-text-color has-background\" style=\"text-align: center;\"><span style=\"color: #800000;\"><strong>A\u00d1O 2021<\/strong><\/span><\/h1>\n<h1 class=\"has-text-align-center has-text-color\" style=\"text-align: center;\"><span style=\"color: #800000;\"><strong>____________________________________________<\/strong><\/span><\/h1>\n<p>&nbsp;<\/p>\n<p id=\"informaci\u00f3n-de-la-disoluci\u00f3n\" class=\"has-text-align-center has-text-color\" style=\"text-align: center;\"><strong><em>Aqu\u00ed encontrar\u00e1s informaci\u00f3n de la disoluci\u00f3n elaborada por la SBS:<\/em><\/strong><\/p>\n<p>&nbsp;<\/p>\n<p class=\"has-text-align-center\" style=\"text-align: center;\"><a href=\"https:\/\/www.sbs.gob.pe\/coopac\/cooperativa-de-ahorro-y-credito-del-peru-ltda-prestaperu-en-disolucion\" target=\"_blank\" rel=\"noreferrer noopener\"><em><strong>https:\/\/www.sbs.gob.pe\/co<\/strong><\/em><strong><em>opac\/cooperativa-de-ahorro-y-credito-del-peru-ltda-prestaperu-en-disolucion<\/em><\/strong><\/a><\/p>\n<p>&nbsp;<\/p>\n<p class=\"has-text-align-center has-text-color\" style=\"text-align: center;\"><span style=\"color: #800000;\"><strong>__________________________________________________________________<\/strong><\/span><\/p>\n<p>&nbsp;<\/p>\n<p class=\"has-text-align-center has-text-color\" style=\"text-align: center;\"><strong>M\u00c1S INFORMACI\u00d3N SOBRE<\/strong>\u00a0<strong>LA<\/strong>\u00a0<strong>DISOLUCI\u00d3N<\/strong>\u00a0<strong>EN EL COMUNICADO DE LAS SBS A\u00d1O 2019:<\/strong><\/p>\n<p class=\"has-text-color\" style=\"text-align: center;\"><a href=\"https:\/\/www.sbs.gob.pe\/comunicado\/detallecomunicado\/idcomunicado\/1009?title=Se%20extiende%20el%20plazo%20para%20devoluci%C3%B3n%20extraordinaria%20a%20socios%20de%20PrestaPer%C3%BA\" target=\"_blank\" rel=\"noreferrer noopener\"><strong>Descarga aqu\u00ed el comunicado SBS haciendo Click:<\/strong><\/a><\/p>\n<p style=\"text-align: center;\"><img loading=\"lazy\" decoding=\"async\" class=\"aligncenter\" src=\"https:\/\/www.prestaperu.com.pe\/wp-content\/uploads\/2024\/12\/COMUNICADO-SBS-12-DIC-2019-EXTENSION-DE-PAGO-II.jpg\" width=\"546\" height=\"1162\" \/><\/p>\n<p>&nbsp;<\/p>\n<p style=\"text-align: center;\"><span style=\"color: #008000;\"><em><strong>Click para regresar al principio<\/strong><\/em><\/span><\/p>\n<p>&nbsp;<\/p>\n<h1 class=\"has-text-align-center\" style=\"text-align: center;\"><span style=\"color: #800000;\"><strong>____________________________________________<\/strong><\/span><\/h1>\n<p>&nbsp;<\/p>\n<p><strong><a href=\"https:\/\/www.prestaperu.com.pe\/\"><em>Regresar a la P\u00e1g. Principa<\/em>l<\/a><\/strong><\/p>\n<p class=\"has-white-color has-text-color\"><span style=\"color: #ffffff;\">.<\/span><\/p>\n[\/vc_column_text][\/vc_column][\/vc_row]\n<\/section>","protected":false},"excerpt":{"rendered":"<p>[vc_row][vc_column][vc_column_text] DISOLUCI\u00d3N AQU\u00cd ENCONTRAR\u00c1S TODOS LOS COMUNICADOS PUBLICADOS EN SU MOMENTO POR LA SBS: &nbsp; [\/vc_column_text][vc_column_text] &nbsp; [\/vc_column_text][vc_column_text] COMUNICADO N\u00b0 &#8230;<\/p>\n","protected":false},"author":1,"featured_media":0,"parent":0,"menu_order":0,"comment_status":"closed","ping_status":"closed","template":"","meta":{"footnotes":""},"class_list":["post-1749","page","type-page","status-publish","hentry"],"_links":{"self":[{"href":"https:\/\/www.prestaperu.com.pe\/index.php\/wp-json\/wp\/v2\/pages\/1749","targetHints":{"allow":["GET"]}}],"collection":[{"href":"https:\/\/www.prestaperu.com.pe\/index.php\/wp-json\/wp\/v2\/pages"}],"about":[{"href":"https:\/\/www.prestaperu.com.pe\/index.php\/wp-json\/wp\/v2\/types\/page"}],"author":[{"embeddable":true,"href":"https:\/\/www.prestaperu.com.pe\/index.php\/wp-json\/wp\/v2\/users\/1"}],"replies":[{"embeddable":true,"href":"https:\/\/www.prestaperu.com.pe\/index.php\/wp-json\/wp\/v2\/comments?post=1749"}],"version-history":[{"count":38,"href":"https:\/\/www.prestaperu.com.pe\/index.php\/wp-json\/wp\/v2\/pages\/1749\/revisions"}],"predecessor-version":[{"id":5478,"href":"https:\/\/www.prestaperu.com.pe\/index.php\/wp-json\/wp\/v2\/pages\/1749\/revisions\/5478"}],"wp:attachment":[{"href":"https:\/\/www.prestaperu.com.pe\/index.php\/wp-json\/wp\/v2\/media?parent=1749"}],"curies":[{"name":"wp","href":"https:\/\/api.w.org\/{rel}","templated":true}]}}